 31
What are the prime factors of 5294?
2, 2647
List the prime factors of 906.
2, 3, 151
What are the prime factors of 97823?
11, 8893
List the prime factors of 9848.
2, 1231
List the prime factors of 85638.
2, 3, 7, 2039
What are the prime factors of 1108?
2, 277
List the prime factors of 3866.
2, 1933
What are the prime factors of 414?
2, 3, 23
List the prime factors of 3420.
2, 3, 5, 19
List the prime factors of 75204.
2, 3, 2089
What are the prime factors of 668?
2, 167
What are the prime factors of 3596?
2, 29, 31
List the prime factors of 78863.
17, 4639
List the prime factors of 1941.
3, 647
What are the prime factors of 4140?
2, 3, 5, 23
List the prime factors of 12193.
89, 137
What are the prime factors of 885?
3, 5, 59
What are the prime factors of 1272?
2, 3, 53
List the prime factors of 441.
3, 7
List the prime factors of 1863.
3, 23
What are the prime factors of 2078?
2, 1039
What are the prime factors of 74643?
3, 139, 179
What are the prime factors of 343?
7
List the prime factors of 47934.
2, 3, 2663
List the prime factors of 22960.
2, 5, 7, 41
What are the prime factors of 43073?
19, 2267
List the prime factors of 1222.
2, 13, 47
List the prime factors of 103.
103
List the prime factors of 611.
13, 47
What are the prime factors of 10985?
5, 13
List the prime factors of 65662.
2, 32831
What are the prime factors of 5237?
5237
What are the prime factors of 1415?
5, 283
List the prime factors of 13855.
5, 17, 163
List the prime factors of 1862.
2, 7, 19
List the prime factors of 23648.
2, 739
List the prime factors of 25575.
3, 5, 11, 31
What are the prime factors of 1326?
2, 3, 13, 17
What are the prime factors of 3184?
2, 199
What are the prime factors of 8988?
2, 3, 7, 107
What are the prime factors of 1494?
2, 3, 83
What are the prime factors of 3713?
47, 79
List the prime factors of 1801.
1801
List the prime factors of 26618.
2, 13309
List the prime factors of 539.
7, 11
List the prime factors of 312.
2, 3, 13
What are the prime factors of 9047?
83, 109
What are the prime factors of 4519?
4519
List the prime factors of 21818.
2, 10909
What are the prime factors of 31665?
3, 5, 2111
What are the prime factors of 1671?
3, 557
List the prime factors of 292.
2, 73
List the prime factors of 757.
757
What are the prime factors of 48908?
2, 12227
What are the prime factors of 2854?
2, 1427
List the prime factors of 9177.
3, 7, 19, 23
List the prime factors of 113032.
2, 71, 199
List the prime factors of 3915.
3, 5, 29
What are the prime factors of 2447?
2447
What are the prime factors of 1613?
1613
List the prime factors of 2094.
2, 3, 349
What are the prime factors of 7159?
7159
List the prime factors of 23962.
2, 11981
What are the prime factors of 72535?
5, 89, 163
List the prime factors of 3908.
2, 977
What are the prime factors of 3775?
5, 151
List the prime factors of 1422.
2, 3, 79
What are the prime factors of 2098?
2, 1049
What are the prime factors of 333?
3, 37
List the prime factors of 1360.
2, 5, 17
What are the prime factors of 14181?
3, 29, 163
List the prime factors of 84302.
2, 61, 691
What are the prime factors of 11443?
11443
What are the prime factors of 883?
883
List the prime factors of 6981.
3, 13, 179
What are the prime factors of 1696?
2, 53
What are the prime factors of 1478?
2, 739
What are the prime factors of 7987?
7, 163
List the prime factors of 48825.
3, 5, 7, 31
What are the prime factors of 3270?
2, 3, 5, 109
List the prime factors of 8512.
2, 7, 19
What are the prime factors of 4012?
2, 17, 59
List the prime factors of 6884.
2, 1721
List the prime factors of 8750.
2, 5, 7
What are the prime factors of 15573?
3, 29, 179
What are the prime factors of 888?
2, 3, 37
List the prime factors of 520.
2, 5, 13
What are the prime factors of 44562?
2, 3, 7, 1061
What are the prime factors of 7734?
2, 3, 1289
What are the prime factors of 130?
2, 5, 13
What are the prime factors of 3310?
2, 5, 331
List the prime factors of 743.
743
What are the prime factors of 319?
11, 29
List the prime factors of 15110.
2, 5, 1511
List the prime factors of 23083.
41, 563
What are the prime factors of 53505?
3, 5, 29, 41
What are the prime factors of 19337?
61, 317
List the prime factors of 2291.
29, 79
List the prime factors of 82650.
2, 3, 5, 19, 29
What are the prime factors of 2038?
2, 1019
List the prime factors of 4920.
2, 3, 5, 41
List the prime factors of 34962.
2, 3, 5827
What are the prime factors of 80938?
2, 11, 13, 283
What are the prime factors of 3362?
2, 41
What are the prime factors of 15811?
97, 163
What are the prime factors of 937?
937
List the prime factors of 101766.
2, 3, 7, 2423
What are the prime factors of 17234?
2, 7, 1231
What are the prime factors of 625?
5
What are the prime factors of 9609?
3, 3203
What are the prime factors of 12898?
2, 6449
What are the prime factors of 104?
2, 13
What are the prime factors of 1213?
1213
List the prime factors of 1505.
5, 7, 43
List the prime factors of 35021.
7, 5003
List the prime factors of 138.
2, 3, 23
List the prime factors of 11115.
3, 5, 13, 19
List the prime factors of 3378.
2, 3, 563
What are the prime factors of 2527?
7, 19
What are the prime factors of 3702?
2, 3, 617
What are the prime factors of 454?
2, 227
What are the prime factors of 2410?
2, 5, 241
List the prime factors of 43727.
73, 599
List the prime factors of 2257.
37, 61
What are the prime factors of 1538?
2, 769
What are the prime factors of 6658?
2, 3329
List the prime factors of 84839.
43, 1973
List the prime factors of 12863.
19, 677
List the prime factors of 19456.
2, 19
What are the prime factors of 10967?
11, 997
List the prime factors of 2551.
2551
What are the prime factors of 52004?
2, 13001
List the prime factors of 3311.
7, 11, 43
What are the prime factors of 4996?
2, 1249
List the prime factors of 37551.
3, 12517
List the prime factors of 1113.
3, 7, 53
What are the prime factors of 9144?
2, 3, 127
List the prime factors of 15957.
3, 197
What are the prime factors of 4866?
2, 3, 811
What are the prime factors of 9623?
9623
What are the prime factors of 123605?
5, 59, 419
List the prime factors of 7633.
17, 449
List the prime factors of 15449.
7, 2207
What are the prime factors of 79170?
2, 3, 5, 7, 13, 29
List the prime factors of 15521.
11, 17, 83
What are the prime factors of 2355?
3, 5, 157
List the prime factors of 120114.
2, 3, 6673
What are the prime factors of 226?
2, 113
What are the prime factors of 1957?
19, 103
List the prime factors of 18774.
2, 3, 7, 149
List the prime factors of 9681.
3, 7, 461
List the prime factors of 29748.
2, 3, 37, 67
List the prime factors of 3139.
43, 73
List the prime factors of 1025.
5, 41
What are the prime factors of 2109?
3, 19, 37
What are the prime factors of 3770?
2, 5, 13, 29
What are the prime factors of 2189?
11, 199
What are the prime factors of 311?
311
What are the prime factors of 5869?
5869
What are the prime factors of 76235?
5, 79, 193
List the prime factors of 25515.
3, 5, 7
What are the prime factors of 110?
2, 5, 11
List the prime factors of 84905.
5, 16981
What are the prime factors of 88722?
2, 3, 31, 53
What are the prime factors of 286?
2, 11, 13
List the prime factors of 15854.
2, 7927
What are the prime factors of 4950?
2, 3, 5, 11
What are the prime factors of 870?
2, 3, 5, 29
What are the prime factors of 43186?
2, 11, 13, 151
What are the prime factors of 12903?
3, 11, 17, 23
List the prime factors of 1894.
2, 947
What are the prime factors of 3035?
5, 607
What are the prime factors of 289?
17
What are the prime factors of 15299?
15299
List the prime factors of 4228.
2, 7, 151
List the prime factors of 4138.
2, 2069
List the prime factors of 29805.
3, 5, 1987
What are the prime factors of 23865?
3, 5, 37, 43
List the prime factors of 4738.
2, 23, 103
List the prime factors of 3812.
2, 953
List the prime factors of 14347.
14347
List the prime factors of 1529.
11, 139
List the prime factors of 200.
2, 5
List the prime factors of 35330.
2, 5, 3533
List the prime factors of 36484.
2, 7, 1303
What are the prime factors of 8476?
2, 13, 163
List the prime factors of 48954.
2, 3, 41, 199
What are the prime factors of 30901?
13, 2377
List the prime factors of 107362.
2, 53681
What are the prime factors of 328